 -4*f, -4*f + 5*f = 2*m - 6. Let g be (-5)/3 - m/(-6). Let w(k) = -2*k**2 + 2*k + 1. Give w(g).
-3
Let q(x) be the first derivative of 4*x - 3 + 1/2*x**2. What is q(-3)?
1
Let f(v) = -15*v**3 - 5*v - 6. Let d(g) = -3*g**3 - g - 1. Let c(j) = 11*d(j) - 2*f(j). What is c(1)?
-3
Suppose -4*n - 6 = -7*n. Let r(z) = -3*z + n*z + 14 - 15. Give r(0).
-1
Let w(k) = -k**2 - 5*k - 7. Suppose n + 7*r = 2*r, -36 = -2*n - r. Suppose -4 - n = -4*z. Let b = -11 + z. Determine w(b).
-7
Let s(i) = 3. Let u(j) = 16. Let v(q) = -11*s(q) + 2*u(q). Let k(m) = 2*m. Let l(g) = k(g) + 2*v(g). Let d(c) = c**2 + 4*c - 8. Let t be d(-6). What is l(t)?
6
Let m(c) = c**3 - 5*c**2 - c - 1. Let t = 3 - -1. Suppose 9*p = t*p + 70. Let k = -9 + p. What is m(k)?
-6
Suppose 0*k - 4*k - 16 = 0. Let j(p) = p**3 + 3*p**2 - 5*p + 1. What is j(k)?
5
Let l(r) = 2*r**2 + r. Let j = -2 - -3. Calculate l(j).
3
Let w(j) be the second derivative of j**6/120 + j**5/15 - j**4/6 - j**3/6 + 3*j**2/2 + 3*j. Let y(p) be the first derivative of w(p). Give y(-5).
-6
Let u = -1 - 1. Let s(x) = -x**2 + 5*x - 4. Let c be s(3). Let q(z) = -c*z**2 + 19 + 0*z**2 - z - 17. Calculate q(u).
-4
Let j(x) be the second derivative of -x**5/60 + x**4/12 - x**3/2 + x**2/2 + 3*x. Let z(l) be the first derivative of j(l). Calculate z(3).
-6
Let s(k) = -k**2 + k - 2. Let z = -10 - -10. What is s(z)?
-2
Let s(t) = -t**2 + 5*t - 2. Let o(v) = -2 + 2*v**2 + 1 - 3*v + 2*v. Suppose -25 = -3*y - 19. Let g be o(y). Give s(g).
-2
Let m(v) = v - 2. Let b(x) = -2*x + 4. Suppose -4*t = a - 14, 4*t - 2*a - 20 = -0*a. Let o(h) = t*b(h) + 7*m(h). What is o(-2)?
4
Let z(g) be the third derivative of g**7/5040 - g**5/60 + 2*g**2. Let x(h) be the third derivative of z(h). Give x(-6).
-6
Let f = 176 - 183. Let m(n) = n**3 + 7*n**2 + n + 10. What is m(f)?
3
Let y = 12 + -7. Let m(s) = s**3 - 6*s**2 + 4*s + 2. Give m(y).
-3
Let u be 0/(5 + -3 + 2). Let p(i) be the second derivative of i**3/6 + i**2 - i. What is p(u)?
2
Let u(j) = -1. Let y(o) = o**2 + 6. Let f(q) = 3*u(q) + y(q). What is f(-4)?
19
Let c(o) = 12*o**2 + 1 - 9*o**2 - 5. Let n(w) = -7*w**2 + 9. Let t(x) = 5*c(x) + 2*n(x). What is t(3)?
7
Let l(z) = -10*z + 1. Let y(k) = k**2 - 2*k + 1. Let i be y(-2). Suppose -8*q = -i*q + 1. Determine l(q).
-9
Let r(l) = -6*l**3 - 2*l**2 + 2. Let t(z) = -5*z**3 - 2*z**2 + z + 2. Let a(q) = 2*q + 2. Let y be a(-3). Let c(k) = y*r(k) + 5*t(k). Determine c(-3).
-4
Let g(a) be the first derivative of 1/3*a**3 + 7*a - 5 - 4*a**2. Give g(6).
-5
Let x(l) = l + 2*l - 3 + 5 + l**2. Suppose 2*g + 5*z = 0, 5*g - 2*z = 3*z. Let f(u) = u**2 - u - 2. Let c be f(g). What is x(c)?
0
Let w = -20 + 21. Let b(s) = -1 - w + s**2 - 2 + 2*s - 2*s**2. Determine b(3).
-7
Let c be (-25)/(-9) + 4/18. Suppose -b = -2*b - c. Let u(r) = -r**2 - 3*r + 2. Give u(b).
2
Let r(x) = -1 + 2*x - 2*x + x - 2*x. Give r(3).
-4
Let x(k) = -k - 2. Let z(h) = -8*h + 1. Let q(t) = 3*x(t) - z(t). Determine q(7).
28
Let s(r) = 26*r + 14. Let f(d) = -9*d - 5. Let k(o) = -14*f(o) - 5*s(o). Give k(2).
-8
Let i(w) = -20*w - 16*w - 2 + 39*w. Calculate i(-3).
-11
Let d = 4 - -1. Suppose d*r + 10 = 5*m, -3*m + 9 = -7*r + 3*r. Let g be (1*r)/((-6)/(-4)). Let t(f) = -f**3 + f**2 + 3*f + 2. Give t(g).
8
Suppose -5*w = -16 - 9. Let h = w - 11. Let q(n) = 2*n + 5. What is q(h)?
-7
Let w(b) = -3*b + 2. Let m(c) = -8*c + 6. Let q(i) = -4*m(i) + 11*w(i). Let z be 10/((-16)/(-4) - 2). Let s = -6 + z. Calculate q(s).
-1
Let c(h) be the third derivative of -1/6*h**5 + 0*h + 0*h**3 + 0*h**4 - 6*h**2 + 0. What is c(1)?
-10
Let v = 2 - 3. Suppose -3 = -2*g + 1. Let h(z) = -g*z - 2*z**2 - z**3 + 5 - 5 + z. What is h(v)?
0
Let b(t) = -2*t - 27. Let z be b(-10). Let l(p) = -p**2 - 7*p - 5. Calculate l(z).
-5
Let s be (-1)/(-3)*27/18*-2. Let r(c) = 6*c**2 - 2*c - 1. Give r(s).
7
Let a = -5 - -8. Suppose 2*d = a*d + 2. Let f(g) be the second derivative of -g**4/12 - g**3/2 + g**2/2 + g. Calculate f(d).
3
Suppose 2*p = 2*r + r + 9, -2*p + 6 = 0. Let v(y) = -10*y**3 + y**2 + y. What is v(r)?
10
Let u(b) = b**3 + 5*b**2 + 3*b + 4. Suppose -1 = -5*p + 4*a - 6, 4*p = a - 15. Determine u(p).
-11
Let x be (-18)/(-5) + (-2)/(-5). Suppose 2*n - 3*v = -2*n + 12, v = 0. Let j(b) = -2*b + b**2 - 1 - b**n + 6 + 3*b**2. Determine j(x).
-3
Suppose -21 = 2*v - 23. Let r(b) = 7*b**2 + b - 1. Determine r(v).
7
Let j = 6 - 1. Let g be (12/10)/(6/20). Let q(f) = -g*f + 0 + 3 - j. Determine q(-2).
6
Suppose -4*p + 9*u = 4*u + 1, -4*u = 5*p - 9. Let a(d) = -2 + 4 - p + 5*d**2 + 2*d. Calculate a(-1).
4
Let i = 4 + -2. Suppose -4 = i*v - 10. Let u(r) be the third derivative of r**4/24 - 2*r**3/3 + r**2. Determine u(v).
-1
Let g be -2 - 2*1/(-2). Let m(i) be the second derivative of 4*i**3/3 + i**2/2 - 5*i. What is m(g)?
-7
Let d(m) = m**2 + 11*m + 22. Let g be d(-6). Let z(j) = -j**3 - 7*j**2 + 6*j - 9. Determine z(g).
7
Suppose 5*y = 17 + 3. Let m(v) = y*v - 3*v - 5 + 5. Give m(6).
6
Suppose 8 = -4*j, -5*x = -j - 0*j + 28. Let v(q) = -12*q**2 + 3*q**3 - q**2 + 6*q**2 - 7*q - 4*q**3 - 1. Determine v(x).
5
Let z be 5*3/30*-4. Let o(y) = y + 1. Calculate o(z).
-1
Let g(p) = -p - 1. Let u be g(1). Let v be u - ((-1 - -3) + -1). Let t(l) = 2*l**2 + 5*l + 2. Give t(v).
5
Let i(j) = -7*j + 5. Let g(s) = -s + 1. Let m(l) = -24*g(l) + 3*i(l). Calculate m(7).
12
Suppose -25*y = -19*y + 6. Let j(l) = 3*l. Calculate j(y).
-3
Let l(d) = 4*d - d - 4*d. Let s(c) = 10*c - 6. Suppose -2*z + 2 = -0*z. Let m(k) = z*s(k) + 12*l(k). What is m(-5)?
4
Let w(g) = g + 1. Let a = 29 + -21. Let c be -14 + -3 + (-20)/(-5). Let s = a + c. Calculate w(s).
-4
Let i(t) = t**2 - t. Let n(o) = 5*o**2 - 5*o - 2. Let k(d) = 4*i(d) - n(d). Let v(q) = q**2 - 8*q + 9. Let a be v(7). Determine k(a).
0
Suppose -k - 2*z = -12, 4*z = -5*k + 2*k + 28. Let p be 4/(-18) + 40/18. Let w(o) = o - p + 2 - k. Determine w(4).
0
Let c(z) = -6*z**2 + 4 + 10*z - 34*z**3 + 35*z**3 - 6*z**2. Let x be c(11). Let k(i) = -2*i - 10. What is k(x)?
4
Let m(g) = -40*g + 19. Let d(q) = -10*q + 5. Let i(z) = 22*d(z) - 6*m(z). Let b(j) = 13*j - 3. Let k(n) = -7*b(n) + 5*i(n). What is k(1)?
10
Let w(p) = -3*p**2 - 1 - 61*p + 61*p. Give w(-1).
-4
Let r be 5 - 6 - -1*1. Let a(l) be the third derivative of -l**2 + 2/3*l**3 + 1/60*l**5 + r*l + 1/24*l**4 + 0. Determine a(0).
4
Let u(a) be the first derivative of a**4/4 + 5*a**3/3 - 5*a**2/2 + 8*a - 10. Let b = 5 - 3. Suppose -3*c - 14 = b*c + 4*i, 4*c + 4*i = -8. Determine u(c).
2
Let n(j) = -1 + 4*j + 4*j + 3 + j**2. Let k(t) = -t**2 - 7*t - 1. Let h(i) = -5*k(i) - 4*n(i). Determine h(-4).
1
Suppose -25 = f + 5*g, -5*f - 34 - 11 = 5*g. Let b(w) be the first derivative of -2 + 1/2*w**2 + 5*w. What is b(f)?
0
Let r be 3/(1/2 - -1). Let j(q) = 2 + q**3 - r - 5*q**2 + 0*q**3. Give j(5).
0
Let a(n) = n**3 + n**2 + 6. Suppose k + 5*p = -30, 7 = k - 2*p + 2. Let b be (-1 + k)/((-4)/2). Let h = 3 - b. Determine a(h).
6
Let i(p) = -3*p**3 - 2*p**2 + 7*p - 2. Let c(m) = -4*m**3 - m**2 + 8*m - 3. Let n(l) = 2*c(l) - 3*i(l). Let g(f) = 2*f + 5. Let a be g(-5). Determine n(a).
0
Let t(n) = n**2. Suppose -h + 6*h + 120 = 0. Let v be (-1)/((0 + 3)/h). Suppose u = 3*g - 6, g - v = -3*g. Give t(u).
0
Let t(y) = y**2 + 10*y + 5. Let a = -46 - -42. What is t(a)?
-19
Suppose 0 = u + 3*u + f, -2*f = -3*u + 11. Suppose -s = -3 + u. Let l(c) be the first derivative of c**4/2 - c**3 - 3. What is l(s)?
4
Let g(y) = -4*y + 1. Let w(b) = b + 4. Let d be w(-3). Let t be g(d). Let v(u) = 2*u**2 + 4*u + 2. What is v(t)?
8
Let q(f) be the third derivative of f**6/60 + f**5/120 - f**3/6 - f**2. Let u(o) be the first derivative of q(o). Determine u(-1).
5
Let o(l) be the third derivative of l**5/60 - 11*l**4/24 + 11*l**3/6 - 14*l**2. Determine o(9).
-7
Suppose 4 = -k + 6. Suppose 2*i - 7*h + 10 = -k*h, 26 = 2*i + 4*h. Let r(l) = -l**3 + 6*l**2 - 7*l + 6. Give r(i).
-4
Let g = -11 + 7. Let o be g/(-8)*-1*10. Let d be 0 - o/((-5)/4). Let z(l) = l**3 + 3*l**2 - 5*l - 6. Calculate z(d).
-2
Let m be (-4)/(-14) + 66/14. Let d be 2 + 8/2 + -2. Let b be (-17)/m - d/(-10). Let x(t) = -2*t - 3. What is x(b)?
3
Let q = 1 + -4. Let c = 9 + q. Let s(u) = -4*u - 5. Let i(y) = -4*y - 6. Let o(b) = c*s(b) - 5*i(b). What is o(-2)?
8
Suppose 0 = -7*f + f. Let k(z) = -z - 16. Give k(f).
-16
Let t